7, 59, 73
What are the prime factors of 183746?
2, 91873
What are the prime factors of 150494?
2, 47, 1601
What are the prime factors of 1168762?
2, 7, 31, 2693
List the prime factors of 221982.
2, 3, 36997
What are the prime factors of 17987508?
2, 3, 7, 11, 103
List the prime factors of 3010240.
2, 5, 23, 409
List the prime factors of 4656564.
2, 3, 11, 1069
List the prime factors of 14206729.
1831, 7759
What are the prime factors of 7028?
2, 7, 251
List the prime factors of 806262.
2, 3, 83, 1619
List the prime factors of 4144475.
5, 165779
What are the prime factors of 9310880?
2, 5, 58193
List the prime factors of 45113.
197, 229
List the prime factors of 6475824.
2, 3, 44971
What are the prime factors of 1615425?
3, 5, 7, 17, 181
What are the prime factors of 10595776?
2, 165559
What are the prime factors of 121098?
2, 3, 20183
List the prime factors of 203458.
2, 23, 4423
List the prime factors of 1115500.
2, 5, 23, 97
What are the prime factors of 4046032?
2, 252877
What are the prime factors of 299781?
3, 3701
List the prime factors of 439211.
53, 8287
What are the prime factors of 5794515?
3, 5, 128767
List the prime factors of 4101554.
2, 2050777
What are the prime factors of 18917333?
18917333
List the prime factors of 29773.
19, 1567
What are the prime factors of 80345?
5, 16069
What are the prime factors of 38794889?
7, 5542127
List the prime factors of 2558090.
2, 5, 29, 8821
List the prime factors of 8378549.
47, 89, 2003
List the prime factors of 351117.
3, 13, 3001
List the prime factors of 1358609.
7, 194087
What are the prime factors of 260341?
257, 1013
What are the prime factors of 4364899?
7, 11, 56687
List the prime factors of 874666.
2, 13, 33641
What are the prime factors of 325910?
2, 5, 13, 23, 109
What are the prime factors of 878231?
367, 2393
List the prime factors of 147227.
147227
List the prime factors of 879942.
2, 3, 7, 41, 73
What are the prime factors of 781627?
7, 11, 10151
List the prime factors of 259485.
3, 5, 17299
What are the prime factors of 57285?
3, 5, 19, 67
List the prime factors of 2698784.
2, 11, 17, 41
What are the prime factors of 2359253?
13, 347, 523
What are the prime factors of 1078418?
2, 11, 49019
List the prime factors of 1391932.
2, 347983
What are the prime factors of 1334588?
2, 333647
List the prime factors of 33475560.
2, 3, 5, 83, 3361
What are the prime factors of 1747413?
3, 17, 47
What are the prime factors of 306716?
2, 76679
List the prime factors of 191229.
3, 63743
List the prime factors of 1560387.
3, 520129
List the prime factors of 5514597.
3, 11, 53, 1051
List the prime factors of 336153.
3, 89, 1259
What are the prime factors of 4903378?
2, 17, 29, 4973
List the prime factors of 3760457.
601, 6257
List the prime factors of 9226052.
2, 11, 449, 467
What are the prime factors of 560053?
13, 67, 643
What are the prime factors of 336688?
2, 11, 1913
What are the prime factors of 277485?
3, 5, 13, 1423
List the prime factors of 10737870.
2, 3, 5, 11, 13, 2503
What are the prime factors of 432096?
2, 3, 7, 643
List the prime factors of 1193342.
2, 596671
What are the prime factors of 330292?
2, 71, 1163
List the prime factors of 894796.
2, 7, 31957
What are the prime factors of 3893823?
3, 59, 7333
List the prime factors of 23034407.
11, 190367
What are the prime factors of 195478?
2, 43, 2273
List the prime factors of 1430614.
2, 197, 3631
What are the prime factors of 2324390?
2, 5, 232439
What are the prime factors of 1882480?
2, 5, 23531
List the prime factors of 110356.
2, 47, 587
What are the prime factors of 1094500?
2, 5, 11, 199
What are the prime factors of 689999?
251, 2749
What are the prime factors of 408071?
408071
List the prime factors of 57344.
2, 7
List the prime factors of 89064.
2, 3, 1237
What are the prime factors of 519060?
2, 3, 5, 41, 211
List the prime factors of 9840189.
3, 503, 6521
What are the prime factors of 231774?
2, 3, 38629
What are the prime factors of 1559408?
2, 97463
What are the prime factors of 1661877?
3, 7, 977
List the prime factors of 5189627.
43, 120689
What are the prime factors of 1385035?
5, 277007
What are the prime factors of 1125652?
2, 11, 25583
What are the prime factors of 4740265?
5, 948053
What are the prime factors of 796549?
13, 71, 863
List the prime factors of 1591380.
2, 3, 5, 7, 421
What are the prime factors of 17658889?
137, 157, 821
What are the prime factors of 1240284?
2, 3, 103357
List the prime factors of 45107.
43, 1049
List the prime factors of 12592570.
2, 5, 521, 2417
What are the prime factors of 367948?
2, 7, 17, 773
List the prime factors of 1865213.
7, 41, 67, 97
What are the prime factors of 8865665?
5, 857, 2069
List the prime factors of 1275605.
5, 255121
List the prime factors of 78662.
2, 37, 1063
What are the prime factors of 1437476?
2, 59, 6091
What are the prime factors of 186940?
2, 5, 13, 719
What are the prime factors of 5634959?
11, 512269
List the prime factors of 18475951.
13, 1421227
List the prime factors of 2627494.
2, 1313747
List the prime factors of 643.
643
What are the prime factors of 1688857?
1688857
What are the prime factors of 80500?
2, 5, 7, 23
List the prime factors of 7528225.
5, 43, 47, 149
List the prime factors of 1855943.
109, 17027
List the prime factors of 16455895.
5, 3291179
What are the prime factors of 323330?
2, 5, 7, 31, 149
List the prime factors of 58030.
2, 5, 7, 829
List the prime factors of 18890433.
3, 2098937
List the prime factors of 42562.
2, 13, 1637
What are the prime factors of 4330882?
2, 173, 12517
What are the prime factors of 10959127?
151, 72577
List the prime factors of 1424555.
5, 11, 59, 439
List the prime factors of 267833.
267833
List the prime factors of 308107.
308107
What are the prime factors of 1192384?
2, 31, 601
What are the prime factors of 4599482?
2, 19, 121039
List the prime factors of 14047745.
5, 19, 29, 5099
List the prime factors of 1268559.
3, 59, 2389
List the prime factors of 753206.
2, 376603
What are the prime factors of 1423391?
1423391
What are the prime factors of 2626895?
5, 525379
What are the prime factors of 180768?
2, 3, 7, 269
List the prime factors of 238051.
11, 17, 19, 67
What are the prime factors of 2449407?
3, 816469
What are the prime factors of 2237421?
3, 17, 19, 2309
List the prime factors of 3622226.
2, 31, 37, 1579
List the prime factors of 891494.
2, 445747
What are the prime factors of 4742903?
11, 431173
What are the prime factors of 1490970?
2, 3, 5, 13, 3823
List the prime factors of 9670533.
3, 197, 16363
List the prime factors of 130353.
3, 43451
What are the prime factors of 763743?
3, 19, 13399
List the prime factors of 379281.
3, 7, 18061
What are the prime factors of 43033?
23, 1871
What are the prime factors of 4857352?
2, 41, 59, 251
What are the prime factors of 164674?
2, 137, 601
List the prime factors of 2551.
2551
List the prime factors of 19901296.
2, 97, 12823
What are the prime factors of 2558878?
2, 7, 26111
List the prime factors of 530480.
2, 5, 19, 349
What are the prime factors of 356578?
2, 178289
What are the prime factors of 372876?
2, 3, 7, 23, 193
List the prime factors of 19006143.
3, 13, 311, 1567
List the prime factors of 84616.
2, 7, 1511
What are the prime factors of 26175059?
101, 259159
What are the prime factors of 2031548?
2, 131, 3877
List the prime factors of 45516.
2, 3, 3793
List the prime factors of 154259.
7, 22037
What are the prime factors of 7552960?
2, 5, 23603
What are the prime factors of 977514?
2, 3, 197, 827
List the prime factors of 66619.
7, 31, 307
What are the prime factors of 1519017?
3, 506339
What are the prime factors of 854805?
3, 5, 7, 1163
What are the prime factors of 3750584?
2, 379, 1237
List the prime factors of 1155532.
2, 7, 41269
What are the prime factors of 4235842?
2, 13, 162917
What are the prime factors of 16189086?
2, 3, 2698181
What are the prime factors of 113572?
2, 28393
List the prime factors of 778565.
5, 31, 5023
List the prime factors of 1850382.
2, 3, 17, 6047
What are the prime factors of 1324828?
2, 331207
What are the prime factors of 967544?
2, 120943
List the prime factors of 1197613.
29, 61, 677
List the prime factors of 17074460.
2, 5, 13, 17, 3863
What are the prime factors of 24249948?
2, 3